73 is divided by 473.
15
Calculate the remainder when 17035 is divided by 5678.
1
Calculate the remainder when 682021 is divided by 17.
15
Calculate the remainder when 98433 is divided by 74.
13
Calculate the remainder when 2345868 is divided by 1061.
1058
Calculate the remainder when 507 is divided by 28.
3
Calculate the remainder when 41253 is divided by 39.
30
Calculate the remainder when 15875 is divided by 130.
15
What is the remainder when 61372 is divided by 55?
47
Calculate the remainder when 1800 is divided by 894.
12
Calculate the remainder when 277828 is divided by 405.
403
Calculate the remainder when 651833 is divided by 217269.
26
What is the remainder when 6749 is divided by 613?
6
Calculate the remainder when 9468 is divided by 178.
34
Calculate the remainder when 8820 is divided by 834.
480
Calculate the remainder when 15722 is divided by 107.
100
What is the remainder when 42205 is divided by 11?
9
What is the remainder when 111466 is divided by 111464?
2
Calculate the remainder when 120647 is divided by 46.
35
Calculate the remainder when 39265 is divided by 34.
29
What is the remainder when 372466 is divided by 6?
4
What is the remainder when 4428734 is divided by 79?
73
Calculate the remainder when 16365 is divided by 5436.
57
What is the remainder when 34046 is divided by 1?
0
What is the remainder when 928 is divided by 57?
16
Calculate the remainder when 1370 is divided by 729.
641
What is the remainder when 23069 is divided by 342?
155
What is the remainder when 13290 is divided by 1313?
160
What is the remainder when 22810 is divided by 714?
676
Calculate the remainder when 12837 is divided by 39.
6
Calculate the remainder when 26841 is divided by 26829.
12
Calculate the remainder when 312786 is divided by 31.
27
What is the remainder when 1381662 is divided by 286?
282
What is the remainder when 1675 is divided by 56?
51
What is the remainder when 1065799 is divided by 40?
39
Calculate the remainder when 5781 is divided by 11.
6
Calculate the remainder when 993 is divided by 156.
57
What is the remainder when 113367 is divided by 1773?
1668
Calculate the remainder when 117534 is divided by 16.
14
Calculate the remainder when 18661 is divided by 847.
27
Calculate the remainder when 468937 is divided by 632.
625
What is the remainder when 289008 is divided by 58?
52
What is the remainder when 9011 is divided by 56?
51
Calculate the remainder when 16292 is divided by 50.
42
What is the remainder when 11526 is divided by 573?
66
Calculate the remainder when 59978 is divided by 11.
6
What is the remainder when 2499 is divided by 192?
3
What is the remainder when 11658 is divided by 584?
562
Calculate the remainder when 813 is divided by 540.
273
What is the remainder when 85022 is divided by 6073?
0
What is the remainder when 117130 is divided by 58549?
32
Calculate the remainder when 20268 is divided by 54.
18
What is the remainder when 6208 is divided by 43?
16
What is the remainder when 87155 is divided by 7923?
2
What is the remainder when 5322 is divided by 24?
18
Calculate the remainder when 50477 is divided by 1997.
552
What is the remainder when 632270 is divided by 86?
84
Calculate the remainder when 6893 is divided by 92.
85
Calculate the remainder when 6571 is divided by 940.
931
Calculate the remainder when 125304 is divided by 34.
14
What is the remainder when 130920 is divided by 2616?
120
Calculate the remainder when 8511 is divided by 33.
30
What is the remainder when 24520 is divided by 9?
4
What is the remainder when 234080 is divided by 58515?
20
Calculate the remainder when 102190 is divided by 4866.
4
What is the remainder when 12781 is divided by 12758?
23
What is the remainder when 9387 is divided by 3112?
51
Calculate the remainder when 224636 is divided by 274.
230
Calculate the remainder when 393873 is divided by 51.
0
What is the remainder when 107006 is divided by 147?
137
Calculate the remainder when 36223 is divided by 7217.
138
Calculate the remainder when 5923340 is divided by 2023.
2019
Calculate the remainder when 819676 is divided by 20.
16
Calculate the remainder when 4604 is divided by 72.
68
Calculate the remainder when 3351 is divided by 224.
215
What is the remainder when 987 is divided by 105?
42
Calculate the remainder when 247855 is divided by 405.
400
Calculate the remainder when 4718 is divided by 473.
461
What is the remainder when 1054 is divided by 172?
22
What is the remainder when 82042 is divided by 30?
22
What is the remainder when 213937 is divided by 19?
16
What is the remainder when 183583 is divided by 866?
857
What is the remainder when 239800 is divided by 29975?
0
What is the remainder when 5480 is divided by 144?
8
What is the remainder when 52196 is divided by 52159?
37
Calculate the remainder when 431 is divided by 71.
5
What is the remainder when 465674 is divided by 906?
896
Calculate the remainder when 8420 is divided by 156.
152
Calculate the remainder when 2052457 is divided by 10.
7
What is the remainder when 14445 is divided by 11?
2
What is the remainder when 265348 is divided by 972?
964
Calculate the remainder when 11250 is divided by 3726.
72
Calculate the remainder when 329595 is divided by 40.
35
Calculate the remainder when 4626 is divided by 365.
246
What is the remainder when 1148 is divided by 216?
68
What is the remainder when 19357 is divided by 9494?
369
Calculate the remainder when 157758 is divided by 40.
38
What is the remainder when 680 is divided by 8?
0
Calculate the remainder when 15346 is divided by 1231.
574
What is the remainder when 1576 is divided by 113?
107
What is the remainder when 14354 is divided by 1435?
4
Calculate the remainder when 24958 is divided by 88.
54
Calculate the remainder when 30695 is divided by 355.
165
What is the remainder when 29257 is divided by 12?
1
Calculate the remainder when 934 is divided by 36.
34
Calculate the remainder when 49760 is divided by 286.
282
What is the remainder when 113117 is divided by 108?
41
What is the remainder when 3951 is divided by 26?
25
Calculate the remainder when 409392 is divided by 15.
12
What is the remainder when 23410 is divided by 4677?
25
What is the remainder when 58414 is divided by 41?
30
What is the remainder when 9733 is divided by 73?
24
Calculate the remainder when 215301 is divided by 407.
405
Calculate the remainder when 224958 is divided by 190.
188
Calculate the remainder when 131997 is divided by 4551.
18
Calculate the remainder when 31283 is divided by 567.
98
Calculate the remainder when 35212 is divided by 64.
12
What is the remainder when 76612 is divided by 470?
2
Calculate the remainder when 8832 is divided by 153.
111
What is the remainder when 125043 is divided by 453?
15
What is the remainder when 1132 is divided by 485?
162
Calculate the remainder when 475101 is divided by 139.
138
What is the remainder when 55063 is divided by 1963?
99
What is the remainder when 11423 is divided by 12?
11
What is the remainder when 3694 is divided by 473?
383
What is the remainder when 84652 is divided by 43?
28
What is the remainder when 10702 is divided by 1769?
88
What is the remainder when 827 is divided by 460?
367
What is the remainder when 12968 is divided by 404?
40
What is the remainder when 1183 is divided by 16?
15
Calculate the remainder when 8645 is divided by 831.
335
Calculate the remainder when 44400 is divided by 1776.
0
Calculate the remainder when 24973 is divided by 190.
83
Calculate the remainder when 15165 is divided by 32.
29
What is the remainder when 2759 is divided by 346?
337
Calculate the remainder when 6153 is divided by 2989.
175
Calculate the remainder when 37689 is divided by 618.
609
What is the remainder when 31039 is divided by 1937?
47
Calculate the remainder when 23564 is divided by 5870.
84
What is the remainder when 9140 is divided by 20?
0
Calculate the remainder when 1439 is divided by 702.
35
What is the remainder when 9412 is divided by 194?
100
Calculate the remainder when 3905 is divided by 779.
10
What is the remainder when 5740 is divided by 5727?
13
Calculate the remainder when 130251 is divided by 868.
51
What is the remainder when 2287 is divided by 92?
79
Calculate the remainder when 85201 is divided by